Suppose 4*c - 29*g - 28 = -31*g, -3*g = 2*c - 10. Give z(c).
-5
Let w(y) = -16. Let p(o) = -18*o + 31. Let z(i) = -p(i) - 2*w(i). Calculate z(2).
37
Suppose -y = 4*d - 60 + 46, 3*y = -5*d + 14. Let i(k) = -k**2 + 2 - 2*k**2 - 1 + 5*k**2 - k. Determine i(y).
11
Let q(o) be the first derivative of -43 + 0*o**2 + 1/3*o**3 + 4*o. Calculate q(0).
4
Let y(k) = 4*k**2 + 12 - k**3 + 5*k**2 + 27 - 76 + 26. Let t = -20 + 29. Give y(t).
-11
Suppose 2*f - 3*z - z = 20, 2*f = z + 14. Let h = -10 + f. Let n(k) = 2*k**2 + 10*k + k**3 - 4*k + 4 + 4*k**2. What is n(h)?
12
Let v(o) = o**2 + 10*o - 7. Let k be 1/(-7 - (-318)/45). Suppose -4*g - 41 = n, 0 = g - 2*g - 5*n - k. Determine v(g).
-7
Suppose -v - v = 16. Let x be -2 - 5/((-10)/v). Let m be x/(-15) + 140/25. Let j(b) = -b**2 + 5*b + 8. What is j(m)?
2
Let x(y) = 4*y**3 - 10*y**2 + 2*y. Let w be 10/((-372)/76 + 5). Let i = w - 91. Let l(h) = 3*h**3 - 9*h**2 + h + 1. Let c(z) = i*x(z) - 5*l(z). Give c(-4).
-1
Let z(w) = 6*w + 1. Let s = 3344 - 3342. Calculate z(s).
13
Let a(c) be the first derivative of -13*c**2/2 - 28*c - 2824. Determine a(-2).
-2
Let u(w) be the first derivative of w**3 + w**2/2 - 6*w + 146. Give u(3).
24
Let o(s) be the third derivative of -s**5/60 - 3*s**4/8 + 85*s**3/3 + 28*s**2. Let u(k) be the first derivative of o(k). Let a be 1*2/(-2)*7. Determine u(a).
5
Let b be (-3744)/312*4/6. Let r(y) = -57*y - 462. Calculate r(b).
-6
Let u(i) be the first derivative of -7*i**3/3 - 7*i**2 - 15*i + 6285. Determine u(-1).
-8
Let q(j) = 49*j + 59 - 19*j + 10*j - 22*j - 21*j. Determine q(18).
5
Let s = -17 - -117. Let p be 6/(-4)*s/75. Let f(x) = 2*x**3 + x**2 - x + 1. Calculate f(p).
-9
Let j = -23480 - -23493. Let b(t) = 13*t - 169. Calculate b(j).
0
Suppose 39 = -398*l + 385*l. Let c(w) = -4*w**2 - 9*w - 25. Give c(l).
-34
Let u(d) = -5*d + 1. Let z = -884 + 886. Let q(t) = t**3 - t**2 + 4. Let o be q(0). Suppose -c - 2 = y, o*y + 2*c + z = 3*y. Determine u(y).
11
Let d = -57 + 59. Suppose 16 = -4*l - d*y + 2, -40 = 5*l - 5*y. Let h(c) = c + 11. Calculate h(l).
6
Let w(q) = -2 + 4 + 3 - 1 - 2*q + 8. Let p = -18 + 28. Give w(p).
-8
Let v(f) be the second derivative of -f**5/30 + f**4/4 + f**3 - 3*f**2/2 - 2*f. Let l(h) be the first derivative of v(h). Let m = 75 + -70. Give l(m).
-14
Let p(x) = x**2 + 5*x - 7. Let v = 31 - 34. Let c be (v*(-5)/30)/(2/72). Suppose 2*t - 22 = 5*n, t = -n - 2*t - c. Calculate p(n).
-1
Let j = 267 + -206. Let h(l) = 53*l - l**2 - j*l - 132 + 125. Suppose 2 + 10 = -2*u. Determine h(u).
5
Let v(d) be the first derivative of 5*d**2/2 + 125*d - 906. Calculate v(-26).
-5
Let n(u) = 2*u + 55. Let y(j) = -4*j - 243. Let s(w) = -18*n(w) - 4*y(w). Give s(-1).
2
Suppose -3*d - 3 + 14 = -5*p, 0 = 3*d + p - 5. Let l be (7/1 - d)*-1. Let x(c) = 2*c**2 + 7*c + 3. What is x(l)?
18
Let b be 2175/225 - (-39)/9. Let h(k) = -k + 53. Calculate h(b).
39
Suppose -3*b - 5 = 2*v - 69, -8 = 2*v. Let w(n) = 3*n - b*n + 7*n + 2*n. What is w(1)?
-12
Let g = -128 - -48. Let c = g + 84. Let s(j) = -4 + j**2 + 7*j + c*j**2 - 2 - 3 - j**3. Give s(6).
-3
Let f(i) = 2*i - 3*i - 6*i**2 + 4 - 3*i**3 + 2*i**3. Let x(c) = c**3 - 40*c**2 - 185*c - 42. Let j be x(-4). Give f(j).
10
Let m(y) = 64*y**3 + y**2. Let b = -18627 + 18628. Determine m(b).
65
Suppose -10929 = -3*d + 5*a, 6*a + 14589 = 4*d + 5*a. Let l(i) = -d + 3648 + 2*i**2 + 2*i. Give l(2).
12
Let c(p) = 155 + 3*p - 157 + 0*p. Suppose -15*t + 27 + 33 = 0. What is c(t)?
10
Suppose 0 = 5*x + 5*r + 50, 2*x + 3*r = -0*r - 25. Let l(v) = -11*v**2 - 5*v - 1. Let p(t) = 13*t**2 + 5*t. Let w(j) = -6*l(j) - 5*p(j). Give w(x).
6
Let n(b) = -b**3 + 8*b**2 - 4*b + 8. Let q(v) be the second derivative of -5*v**3/6 - 74*v**2 - 40*v + 2. Let w be q(-31). Determine n(w).
29
Let h(w) be the third derivative of 1/24*w**4 + 9*w**2 - 1/6*w**3 + 3 + 0*w. Give h(-2).
-3
Let l(r) = r + r**3 + 40*r**2 - 43*r**2 + 0*r + 6 - 5*r + 1. Calculate l(4).
7
Let l = -1 - -8. Let f(y) = -y**2 + 7*y - 298. Let h(w) = -2*w**2 + 14*w - 645. Let k(x) = -13*f(x) + 6*h(x). Give k(l).
4
Suppose 151 - 394 = -3*u. Let b(i) = -u - 3*i**2 + 82 + 0*i**2 - i**2. Let v(h) = -h**2 + 8*h - 6. Let p be v(7). Calculate b(p).
-3
Let d(q) = 916*q - 5535. Let p be d(6). Let o(m) = -m**3 - 41*m**2 - 72*m + 235. Calculate o(p).
1
Let s(j) = -j. Let m(g) = 3*g - 1. Suppose 5*r + 4*a = 3*r - 14, -5*r = -2*a - 1. Let f(p) = r*s(p) - m(p). Let b = 2 - -4. Determine f(b).
-11
Let h(m) = -18*m**2 - 2*m - 1. Let x = 296 - 140. Suppose x - 150 = -6*y. Calculate h(y).
-17
Let k(s) = 7*s**2 + 2*s + 13. Let g = 14699 - 14695. Give k(g).
133
Let v(w) be the second derivative of -w**4/8 - w**3/6 - 22*w**2 + 73*w. Let f(r) be the first derivative of v(r). What is f(-3)?
8
Let o(v) = 633 - 14*v**2 + 21*v + 627 - 4*v + v**3 - 1308. Calculate o(13).
4
Let q(c) = c**3 + 5*c**2 - 2*c + 6. Suppose -76 = -2*k + 44. Suppose -26*x + 36*x = -k. Calculate q(x).
-18
Let b(l) = -l**3 - l**2 - l - 1. Suppose -5*f + 6 = -c, -f - 7 = 2*c - 6. Let m(p) = -2*p**3 + 4*p**2 - 2*p + 2. Let y(j) = f*m(j) - b(j). Calculate y(5).
-2
Suppose -270*p = -273*p - 5*t + 1, t + 5 = 2*p. Let f(s) = -31*s + 3. Give f(p).
-59
Let i(a) = 2*a**2 - a + 1. Suppose 2*p = -5*k + 2, -2*p + 3*k + 1 = -1. Let m be i(p). Let d(s) = 2 - 1 + m*s - 2. Determine d(3).
5
Let w(a) = -2*a**2 + 18*a + 4. Suppose -262*i = 27*i - 45*i - 3172. Calculate w(i).
-100
Let p(l) = -9*l**2 - 9*l - 4. Let b(x) = 2*x**2 + x - 2. Let q(i) = -2*b(i) - p(i). Give q(-3).
32
Let j(r) = r**3 + 5*r**2 + r - 4. Let w = -205 + 341. Suppose -w*y = -138*y - 10. What is j(y)?
-9
Let a(d) be the second derivative of -d**5/20 + 2*d**4/3 + d**3/6 - d**2/2 - 9*d - 43. Calculate a(8).
7
Let p be -20 - (-3 + -7) - (-4 + 1). Let b be 0 + (-5)/((-5)/3). Let s(x) = -2*x + 7*x - 3*x - 10 - b*x. What is s(p)?
-3
Let k(o) be the second derivative of o**4/12 + 3*o**2/2 + 412*o + 3. Let p = 4 - 6. Let c be (-2)/(-1 - p) - -2. What is k(c)?
3
Let f(n) = -3*n + 226. Let x(u) = -7*u + 229. Let k(q) = -5*f(q) + 6*x(q). What is k(9)?
1
Let r be -19 - -22 - (-176)/(-11). Let v(s) = -3*s**2 - 34*s + 65. Determine v(r).
0
Let g(y) = -y**2 - 2*y + 5 + 7*y + y + 2*y**2 + 3*y. Let j(w) = w**3 + w**2 + w + 4. Let n be j(0). Suppose 0 = n*s - 2*s + 14. What is g(s)?
-9
Let h(b) = b**3 - 14*b**2 - 12*b - 28. Let n(g) = -48*g - 1953. Let l be n(-41). Calculate h(l).
17
Let c(k) = 24*k. Let d = -32 + 33. Let f be c(d). Suppose -3*x + 7*x + f = 0. Let g(y) = -y. Determine g(x).
6
Let d(w) = w**3 + w - 2. Let b = -61 + 47. Let h = 26 + b. Let m be 0 + 2 - h/6. Determine d(m).
-2
Let r(g) = -g**3 - 130 - 11*g + 7*g**2 + 74 + 66. What is r(5)?
5
Let h be 10/15*-1 + 17/3. Suppose 0 = -h*s - 0*s - o + 320, -3*s + 192 = -4*o. Let r = -66 + s. Let w(z) = -2*z - 3. Give w(r).
1
Let x(u) = -23*u**2 - 32*u - 61. Let k(y) = -53*y**2 - 63*y - 121. Let r(s) = 3*k(s) - 7*x(s). Determine r(-15).
-11
Suppose -6 = -d - 2*c, 3*c = c + 2. Let l(a) = -9*a + d + 4*a + a + 3*a. Let f = -151 + 159. Give l(f).
-4
Suppose 6 = -0*c + 3*c. Let o be ((-1)/(-2))/(c/(-4)). Let i(a) be the second derivative of -a**3/2 - 2663*a. Give i(o).
3
Let c(g) = 16344*g - 8181*g + g**2 + 3 - 8177*g. Give c(-7).
150
Let k be (-9 - -5)/(-2 - -3) + (5 - 1). Let v(i) = -2*i**3 + i**2 - i - 41. Give v(k).
-41
Let u(l) = l**2 + 8 - 12 + 5*l**2 - 10*l**2 + l + 5*l**2. Determine u(5).
26
Suppose 4*b + 39 = 23. Let w(o) be the second derivative of -o**4/12 - o**3/6 + 5*o**2/2 - 21*o. Determine w(b).
-7
Let r(h) = 10*h - 10. Let q(d) = -d + 1. Let l(p) = 65*q(p) + 6*r(p). Suppose 29 + 39 = 4*u. Suppose 5*y - u = 3. Calculate l(y).
-15
Suppose 1 = -6*i - 161. Let d(r) = -r**2 + 4*r + 8. Let a be d(8). Let q = a - i. Let m(k) = -5*k + 4. Calculate m(q).
-11
Let l(p) = -5*p**2 + 12. Let b(t) = 4*t**2 - 11. Let j(f) = -4*b(f) - 3*l(f). Suppose -93*o + 89*o + 3*k + 17 = 0, -18 = -3*o - 3*k. Determine j(o).
-17
Let q(c) = -4*c**3 + 3*c**2 - 3*c + 2. Let u(x) = 4*x - 4*x**2 - 6*x**3 - 3 + 14*x**3 - 4*x**3. Let a(j) = 4*q(j) + 3*u(j). Give a(-1).
3
Let x(z) = -z**3 - 118*z**2 + 118*z - 111. Let n be x(-119). Let o(w) be the third derivative of -w**5/60 + w**4/4 + 4*w**3/3 - w**2. Determine o(n).
-8
Let n(g) be the second derivative of g**4/12 - 13*g**3/6 + 21*g**2/2 - g +